 104?
77
What is the remainder when 238055 is divided by 68?
55
What is the remainder when 7353 is divided by 2449?
6
Calculate the remainder when 9020 is divided by 974.
254
What is the remainder when 550566 is divided by 16?
6
What is the remainder when 5323 is divided by 139?
41
What is the remainder when 6700767 is divided by 18?
15
Calculate the remainder when 16723 is divided by 5380.
583
Calculate the remainder when 88197 is divided by 30.
27
What is the remainder when 18434 is divided by 966?
80
What is the remainder when 9368 is divided by 43?
37
What is the remainder when 1135431 is divided by 568?
567
Calculate the remainder when 7894 is divided by 3947.
0
What is the remainder when 1942 is divided by 1157?
785
Calculate the remainder when 23732 is divided by 3387.
23
What is the remainder when 63720 is divided by 73?
64
What is the remainder when 161687 is divided by 115?
112
What is the remainder when 14282 is divided by 275?
257
What is the remainder when 7145 is divided by 787?
62
Calculate the remainder when 40527 is divided by 39973.
554
What is the remainder when 5508 is divided by 466?
382
Calculate the remainder when 61821 is divided by 3856.
125
Calculate the remainder when 454428 is divided by 541.
529
Calculate the remainder when 2906 is divided by 953.
47
What is the remainder when 11894 is divided by 2371?
39
What is the remainder when 823526 is divided by 126?
116
Calculate the remainder when 1450334 is divided by 781.
17
What is the remainder when 7512 is divided by 376?
368
What is the remainder when 33752 is divided by 11077?
521
What is the remainder when 14518 is divided by 9?
1
Calculate the remainder when 67437 is divided by 47.
39
Calculate the remainder when 686 is divided by 247.
192
Calculate the remainder when 14850 is divided by 931.
885
Calculate the remainder when 1968 is divided by 397.
380
What is the remainder when 72085 is divided by 304?
37
Calculate the remainder when 1080 is divided by 87.
36
What is the remainder when 53732 is divided by 484?
8
What is the remainder when 117044 is divided by 1412?
1260
What is the remainder when 991 is divided by 328?
7
What is the remainder when 206123 is divided by 1927?
1861
What is the remainder when 34746 is divided by 16?
10
What is the remainder when 36595 is divided by 18282?
31
Calculate the remainder when 2340 is divided by 311.
163
Calculate the remainder when 2544 is divided by 2491.
53
Calculate the remainder when 930 is divided by 159.
135
What is the remainder when 80447 is divided by 1?
0
Calculate the remainder when 944 is divided by 162.
134
Calculate the remainder when 281 is divided by 125.
31
Calculate the remainder when 22192 is divided by 7396.
4
What is the remainder when 3860 is divided by 166?
42
Calculate the remainder when 9860 is divided by 26.
6
Calculate the remainder when 49497 is divided by 33.
30
Calculate the remainder when 740996 is divided by 75.
71
Calculate the remainder when 18906 is divided by 252.
6
Calculate the remainder when 1391 is divided by 1361.
30
What is the remainder when 1142 is divided by 977?
165
Calculate the remainder when 43877 is divided by 375.
2
What is the remainder when 179510 is divided by 145?
0
Calculate the remainder when 5604 is divided by 1865.
9
Calculate the remainder when 2917198 is divided by 1200.
1198
What is the remainder when 7276 is divided by 680?
476
What is the remainder when 15064 is divided by 4865?
469
What is the remainder when 5210 is divided by 33?
29
What is the remainder when 16494 is divided by 66?
60
Calculate the remainder when 13095 is divided by 291.
0
Calculate the remainder when 5744 is divided by 95.
44
What is the remainder when 26999 is divided by 27?
26
What is the remainder when 5027 is divided by 972?
167
Calculate the remainder when 213528 is divided by 6280.
8
What is the remainder when 20346 is divided by 63?
60
Calculate the remainder when 8743 is divided by 8742.
1
Calculate the remainder when 150170 is divided by 21.
20
Calculate the remainder when 878 is divided by 314.
250
What is the remainder when 199415 is divided by 3216?
23
Calculate the remainder when 3742 is divided by 1077.
511
Calculate the remainder when 9427 is divided by 35.
12
What is the remainder when 389388 is divided by 150?
138
What is the remainder when 30907 is divided by 92?
87
Calculate the remainder when 3287 is divided by 1078.
53
What is the remainder when 1909 is divided by 237?
13
Calculate the remainder when 35829 is divided by 1884.
33
What is the remainder when 1098562 is divided by 461?
460
What is the remainder when 174102 is divided by 657?
654
What is the remainder when 16854 is divided by 2406?
12
What is the remainder when 390377 is divided by 524?
521
What is the remainder when 29062 is divided by 9132?
1666
Calculate the remainder when 4181 is divided by 17.
16
What is the remainder when 19072 is divided by 1173?
304
What is the remainder when 49270 is divided by 2462?
30
What is the remainder when 39817 is divided by 2093?
50
Calculate the remainder when 82613 is divided by 147.
146
What is the remainder when 526 is divided by 234?
58
What is the remainder when 191058 is divided by 152?
146
Calculate the remainder when 46574 is divided by 284.
282
What is the remainder when 515876 is divided by 677?
2
What is the remainder when 11229 is divided by 1403?
5
Calculate the remainder when 11213 is divided by 33.
26
What is the remainder when 6575 is divided by 23?
20
What is the remainder when 3586 is divided by 157?
132
What is the remainder when 16065 is divided by 6?
3
What is the remainder when 122 is divided by 86?
36
What is the remainder when 67785 is divided by 16?
9
What is the remainder when 174976 is divided by 810?
16
Calculate the remainder when 7104 is divided by 2137.
693
Calculate the remainder when 8655 is divided by 1729.
10
What is the remainder when 1713059 is divided by 82?
79
What is the remainder when 3455 is divided by 251?
192
What is the remainder when 12412 is divided by 264?
4
What is the remainder when 607802 is divided by 103?
102
Calculate the remainder when 148928 is divided by 4804.
4
Calculate the remainder when 3039 is divided by 428.
43
Calculate the remainder when 1741 is divided by 370.
261
What is the remainder when 34106 is divided by 5682?
14
What is the remainder when 1083 is divided by 266?
19
What is the remainder when 1385 is divided by 1343?
42
What is the remainder when 1747 is divided by 199?
155
What is the remainder when 723031 is divided by 72?
7
What is the remainder when 55347 is divided by 18446?
9
Calculate the remainder when 22172 is divided by 457.
236
What is the remainder when 325760 is divided by 54293?
2
Calculate the remainder when 8506 is divided by 665.
526
Calculate the remainder when 20400 is divided by 50.
0
What is the remainder when 4328 is divided by 361?
357
Calculate the remainder when 11760 is divided by 2347.
25
What is the remainder when 44842 is divided by 241?
16
What is the remainder when 3728 is divided by 15?
8
Calculate the remainder when 825 is divided by 707.
118
Calculate the remainder when 12098122 is divided by 67.
66
What is the remainder when 207473 is divided by 229?
228
What is the remainder when 35547 is divided by 190?
17
What is the remainder when 1395217 is divided by 619?
610
What is the remainder when 805 is divided by 58?
51
Calculate the remainder when 36328 is divided by 7242.
118
Calculate the remainder when 11526 is divided by 3678.
492
What is the remainder when 788742 is divided by 180?
162
Calculate the remainder when 4762 is divided by 25.
12
What is the remainder when 10024 is divided by 501?
4
What is the remainder when 42328 is divided by 21134?
60
Calculate the remainder when 153823 is divided by 11.
10
Calculate the remainder when 110099 is divided by 110063.
36
What is the remainder when 835106 is divided by 147?
146
Calculate the remainder when 98429 is divided by 102.
101
Calculate the remainder when 51896 is divided by 6486.
8
What is the remainder when 7464268 is divided by 55?
53
Calculate the remainder when 908278 is divided by 8.
6
Calculate the remainder when 4025 is divided by 799.
30
What is the remainder when 70161 is divided by 2125?
36
What is 